).
-102
What is the value of 904 + -886 + (-5 - (2 - (1 + 3)))?
15
What is the value of 12 - ((6 - (24 - 11)) + (2 - 3)) - -2?
22
Evaluate (24 - -92) + (1 - 12) + (47 - 56).
96
What is the value of 12 - (33 + -26 + (4 + -12 - -32))?
-19
Calculate (-20 - (-26 + -6 + 6)) + 37 + 2.
45
Calculate (15 - (-1 - -3)) + (-24 - 35 - -27) + 4.
-15
6 - (-44 - -40 - -59 - (0 + -3 + -2))
-54
What is the value of -12 + -12 + (-10 + 13 - 9 - -10)?
-20
-23 - (67 + -114) - 67
-43
What is (14 + -7 - 18 - (-41 - 28)) + -1 - -5?
62
Evaluate (3 - -22) + -240 + 207 + -27 + -1.
-36
Calculate 10 + -7 - (-1 - 1) - (-267 - -271).
1
Evaluate 345 + -343 + (-61 - (1 + -1)) - (-19 - -25).
-65
What is the value of (99 - 87) + (21 - 16) + -87 + (1 - -1)?
-68
What is the value of -2253 + 2234 - (-1 + -81)?
63
-26 - (-58 - 0) - -87 - 40
79
-8 + 25 + -2 + -893 + 865
-13
What is the value of -47 - ((21 - 8 - -8) + -23)?
-45
Calculate (147 - 178 - ((1 - -13) + -2)) + 13.
-30
Evaluate (-28 + 0 - (-38 + 29)) + (95 - 162).
-86
(2 - (-5 + 2)) + (38 + -47 - (-2 - 1))
-1
21876 + -21940 + 40 + 0 + 1
-23
What is the value of 8 + -74 + 198 + (4 - (6 + -10))?
140
What is the value of (-49 - (-20 + (10 - 38))) + 2 + -44?
-43
Calculate (-1 - 6) + -119 + 119 - (-6 - 32).
31
Evaluate -43 + 4 - (-241 - -228).
-26
Calculate (1 - 36) + 20 + -48 + 20.
-43
What is the value of 5 + 23 - 54 - 20?
-46
What is 78 + (-119 - -45) + (-50 + 0 - (3 + -2))?
-47
What is (44 - 67) + 18 + -87 + 29?
-63
0 + -1 + (24 - (-43 - -51)) + -47
-32
Evaluate -12 + 0 + 6 + (94 - (17 - (-1 - -7))).
77
What is the value of 0 + -1 + -5 + 5 + -4 + 10 + -12?
-7
What is (37 - (76 + -50)) + -78 - -13?
-54
What is the value of -164 + 171 + (-3 - -36) + 5?
45
What is the value of (0 - -24) + -5 + 13 + -27?
5
Evaluate -1 - 33 - -2 - (-100 - (185 + -278)).
-25
What is the value of 9 + -3 + -12 + 60 + -1?
53
Evaluate 13 - (3 - 2 - 3 - ((39 - 53) + 19)).
20
Evaluate 8 - -3 - (124 + -2 + -108 + 38 + 60).
-101
What is -8 - (14 - 5 - (-32 + 31))?
-18
What is the value of -58 - (1 - 56) - (0 - 19)?
16
What is the value of (-9 - (13 - 0)) + (4 - -4)?
-14
22 + (21 - (-23 - -25))
41
(3 - 57) + (-924 - -929)
-49
-50 + (-42 - -57) - 17
-52
Calculate -19 + -10 + 6 + 3 + -261 + 356.
75
2 + 9 + ((-19 - 2) + 32 - 11)
11
(7 - 20) + -2 + 48 + -14
19
What is (-28 - -48 - 18) + 22 - -43?
67
Calculate -23 + 47 + 11 + -26 + -8.
1
Evaluate -12 + 10 + -15 - ((-21 - -29) + -40).
15
What is -76 + -1 - (111 + -72 + -45 + -5)?
-66
Evaluate 163 - 200 - (-17 - 3).
-17
What is the value of -44 + 11 + -24 + -6 + 18?
-45
(17 + 4 - (51 - 2)) + 31
3
What is (-53 - (-60 - -73)) + 117?
51
What is 1 - 125 - (-14666 - -14558)?
-16
Calculate -2 + -2 - (-35 - (-23 + 25) - -25) - -3.
11
Evaluate (158 - 37) + -67 - 37.
17
Evaluate 36 + (-27 - -33 - (-3 - 3) - (4 - 0)).
44
Calculate -58 + 1 - (108 + -96).
-69
Evaluate (-2 - -1 - 102) + (-42 + 84 - 63) + 36.
-88
11 + -32 + 20 + 54
53
What is the value of (11 - 31) + (-24 + 34 - 3)?
-13
Calculate 66 - (52 + -29) - 35.
8
What is (-4 + -2 - -13 - (-10 - -8)) + (8 - -1)?
18
Evaluate -5 - (10 + (5 - 8)) - (25 - (-98 - -25)).
-110
Calculate (15 + -2 - (0 - 1)) + -17 + (28 - 8).
17
-3 + 46 + 17 + -27 + 9 + (-8 - -10)
44
What is (2 - 32) + (12 - 20) + 1 + 15?
-22
Calculate (-4 - -1 - 60) + 54.
-9
What is -152 - -158 - (23 - (8 + 1 + -5) - 0)?
-13
What is 27 - (-35 + 34 - -51)?
-23
What is 22 + 86 + (-2 - (-4 - 5) - 11) - 8?
96
What is 32 + -11 + -11 + -10 + -35?
-35
What is the value of 46 - (31 - 4) - (0 - -4)?
15
What is -4 + (-14 - -4 - (-10 + -13)) + -69?
-60
What is 17 + -29 + -34 + 13 + 19?
-14
What is 8 + (-2 - 9) + (14 + -79 - 15) + 9?
-74
Evaluate 13 + 9 + -13 - ((-3 - 6) + (51 - 0)).
-33
What is (8 - (31 + -8)) + (25 - 12) - 33?
-35
(25 + (0 - 2) - (14 + -8)) + -67 + 70
20
Calculate -2 - 98 - (-37 + -1).
-62
Evaluate -149 + (31 - (-61 - -70)).
-127
139 + (-46 + -18 - -43 - 4)
114
Calculate -7 + (8 - (-18 + -27)) - 135.
-89
What is the value of 2 - 0 - ((-14 - -7) + (6 - (25 - 30)))?
-2
Evaluate 11 + -131 + 86 - -45.
11
Calculate 108 + 1 + (-3834 - -3774).
49
What is the value of ((-12 - -10) + 3 + -4 - 2) + -49 + 84?
30
(-50 - 0 - 1) + (-2432 - -2426) + -3 + 1
-59
Calculate (586 - 586) + 0 + -40 + (-42 - -40).
-42
What is 14 + (2 + -8 + -13 - (-3 - 5))?
3
What is the value of (2 - -2) + 17 + (15 - 154) - (-1 + 0)?
-117
Calculate 55 - (126 + -83 + -61).
73
Evaluate 12 + -20 + -40 + (18 - 0).
-30
What is 20 - (12 + (-2 - (0 - -4)) + -1)?
15
What is 2 + (11 - (23 + -1 + -22)) - -130?
143
Calculate 5 - 14 - 17 - 23 - (-1 + 2 + 0).
-50
Evaluate 117 + 0 - (-221 + 26 + 227).
85
-22 + -1 - -29 - ((8 - 4) + (2 - 12))
12
(-75 - (-17 + 25)) + 10 + 16
-57
Calculate (1 - -58) + (-127 - -118) - (-7 - (-4 + 7)).
60
What is (-235 - -311) + -1 + -6 + 5 + -1 + -4?
69
What is the value of (-1592 + 1722 - (1 - 13)) + -31?
111
What is (-1 - -10) + (0 + 1 + 0 - (-16 - -36))?
-10
What is the value of (15 - 17) + 7 + -25 + -15?
-35
Evaluate -105 + 4 + -1 + (-89 - 22 - -111).
-102
Evaluate 123 - (6 + (-8 + 9 - 18) - -32).
102
What is the value of -11 + 34 + (-28 - -4 - -12)?
11
Evaluate 107 + -110 + (-28 + 0 - -2) + -4.
-33
Evaluate -246 + 286 - ((3 - 0) + -13 + 7).
43
Calculate 7 - (2 + (-81 - 1) + -19 + 33 + -3).
76
Calculate 2 - -7 - (-23 + (78 - 57)).
11
What is the value of -3 + 3 + 14 + 4 + (-201 - -201)?
18
What is (6 - (-5 - -15)) + -18 + -29 + 45?
-6
-13 - (3 + 25 + -17)
-24
Calculate (4 - -115) + -265 + 278 + -41.
91
What is -31 - (-6 + (-2 - -3) + -1 - -13)?
-38
Calculate (-117 - (3 - -1) - -3) + (13 - (62 - 36)).
-131
What is -75 - (-2 + 105 - 88)?
-90
14 - 1 - 0 - (19 + (-2 - -3))
-7
What is the value of (33 - (-9 + 12)) + (15 - -50)?
95
-48 + 63 + -70 - (0 - 0 - (-3 + 7))
-51
What is -77 - 5 - (-14 - (2 + (2 - 17)) - 0)?
-81
Evaluate (8 - 63) + (-29 - (15 + -16 + -3) - -10).
-70
What is -29 + (-56 + -29 - -59)?
-55
Evaluate -7 + (70 - 59) + -60 + (3 - 1 - 3).
-57
Evaluate (-12 - -9 - -14) + (16 - 18 - (3 + -9)).
15
Evaluate 2 - 1 - ((-15 - -15) + 13) - 0.
-12
Calculate -21 - (34 - 65) - (-2 - 25).
37
2991 + -3109 - (2 - 109)
-11
Calculate 54 + -13 + (-28 - 17 - -75).
71
What is -5 + (17 - 60 - -18 - -143)?
113
(-24 - -14 - -8) + 16 + (1 - 74)
-59
-18 - (-1 - 4) - (-8 + (33 - 13))
-25
What is -89 + 12 + (-12 + (8 - -4) - -13)?
-64
What is (0 - 2) + 38 + (48 - 58) + 23?
49
What is 398 + -397 + (0 - 144 - (109 - 102))?
-150
Calculate (-10 - 0) + 67 + (-1 - (-2 + 0)).
58
Evaluate 3 + 4 - 28 - (-571 + 571).
-21
Evaluate -1645 + 1725 + -5 + -2.
73
(38 - 71) + -15 + 39
-9
Calculate 35 + -52 + 19 - (-47 - (-4 + 0)).
45
What is the value of -25 + (3 - (5 + (-4 - 6) + -5))?
-12
Calculate -26 - 4 - (4 + -21 - -4).
-17
What is (9 - 0) + 67 + (41 + 7 - 27)?
97
Evaluate 12 - ((-4 - -24 - -52) + -13 - 15).
-32
What is the value of -135 + 120 + (-6 - 13) + 4 + 8 + 4?
-18
Evaluate (150 + -80 - 71) + (-3 - 0 - 64).
-68
10 - (-39 - (12 - (8 - (-9 + 10 - 0))))
54
What is 20 - (2 + -9 + 0 + 4 + -166 + 162)?
27
Evaluate (-11 + -12 - 22) + 37 + (0 - -29 - 0).
21
Evaluate 0 + 5 - (1 + 12 + 769 + -787) - 77.
-67
Calculate -4 + (-2 - 49) - 9 - (3 + -6).
-61
What is the value of 356 + -411 - (-168 - 0) - (0 - 5)?
118
Evaluate 10 + (39 - 27 - (2 + 11)) + -95.
-86
What is the value of 8 + -8 + -2 - 13 - -2 - -9 - 6?
-10
-27 + -3 + 183 + (14 - 116)
51
Evaluate -3 - (32 - (5 + -15 + 44) - (-1 - 40)).
-42
Evaluate (-8 - 1) + (-25 - (23 + -55)) + 11 + 43.
52
(-20 - (-1 - -4)) + (-968 - -983)
-8
-34 - -13 - (-59 - -94)
-56
What is 4 + -5 + -2 + (98 - 260) + 87?
-78
What is the value of -50 + (12 + 15 + -32 - -8)?
-47
Evaluate -23 - (-11 + (-13 - 2) + 23).
-20
Calculate 83 + 1 - (-470 + 494).
60
Calculate 1 + -4 + 1 + 10682 + -10640.
40
-4 - (19 + -2 + 6 + 4)
-31
93 - -7 - (2 + -1) - (-7 - (-18 - -11))
99
What is -12 + -2 + -1 + 5 + -3 - (-524 - -530)?
-19
(10 - -1) + (-57 - (55 + -17 + -25))
-59
Calculate (-68 - -32) + 25 - (1 - -2 - 7) - -34.
27
-16 - -51 - (-42 + 55 - -14)
8
What is 11 + 6 - (0 + 1 - (-16 - 1 - -10))?
9
5 - 1 - 39 - (-35 - -36 - -7)
-43
Calculate 16 + 2 - (19 + (5 - 14) + -22).
30
What is (52 + -50 - -36) + -2 + 12?
48
What is 1498 + -1457 - (-48 - (-3 - -2))?
88
Evaluate (2 - -30) + (-9 - 59).
-36
What is the value of (3 - (-20 - -1)) + (1 - (0 